{"id":33,"date":"2020-06-26T10:54:20","date_gmt":"2020-06-26T10:54:20","guid":{"rendered":"https:\/\/musikbastler.de\/?page_id=33"},"modified":"2020-06-26T15:55:27","modified_gmt":"2020-06-26T15:55:27","slug":"richard-nordemalm-ist-der-musikbastler","status":"publish","type":"page","link":"https:\/\/musikbastler.de\/index.php\/richard-nordemalm-ist-der-musikbastler\/","title":{"rendered":"Richard Nordemalm ist der Musikbastler"},"content":{"rendered":"\n<p style=\"background-color:#e8e5dc\" class=\"has-background has-drop-cap\">Als Sohn eines Geigenbauers stand ich schon als Kind in der Werkstatt meines Vaters und baute meine eigenen Instrumente, mit sieben Jahren fing ich an Cello zu spielen. Ab da lie\u00df ich meiner Phantasie freien Lauf und komponierte meine ersten kleinen Musikst\u00fccke. Als S\u00e4nger fing ich bereits fr\u00fch an auf der B\u00fchne zu stehen und Konzerte zu geben. Im Laufe der Zeit bin ich mit Bands, Orchestern und Vokalensembles aufgetreten. Sp\u00e4ter stand ich dann in vielen Opernauff\u00fchrungen als Solist auf der B\u00fchne, sammelte Erfahrungen an verschiedenen Berliner Theatern und Opernh\u00e4usern. Die Freude am musizieren und die vielen erfreulichen Erlebnisse auf der B\u00fchne sowie die Ermutigung meiner Lehrer f\u00fchrten mich dazu, ein Musikstudium aufzunehmen. Als Vater einer kleinen Tochter erlebe ich selbst tagt\u00e4glich, wieviel Freude Kinder an Musik haben. Als Lehrer habe ich bereits viele Kinder bei Ihren ersten musikalischen Erfahrungen unterst\u00fctzen d\u00fcrfen und einen ersten Bezug zur Musik vermitteln k\u00f6nnen.<\/p>\n\n\n\n<p>Musik machen ist eine Erfahrung die bereits in den ersten Lebensmonaten beginnt. Schon fr\u00fch versuchen Kinder T\u00f6ne zu imitieren, zum Beispiel das lal\u00fclala des Feuerwehrautos oder die Musik im Radio, oder den bellenden Hund auf der Stra\u00dfe.<\/p>\n\n\n\n<h2 class=\"wp-block-heading\">Klingende Natur<\/h2>\n\n\n\n<p>Wie entstehen eigentlich Kl\u00e4nge, welche Ger\u00e4usche gibt es in der Natur und welche Instrumente klingen so wie der Wind, das Meer eine trippelnde Maus ein miauender Kater? Welche Arten von Instrumenten gibt es? Anhand von einfach zu verstehenden Experimenten finden wir heraus auf welche Weisen Kl\u00e4nge entstehen k\u00f6nnen. Wir k\u00f6nnen pfeifen, singen, trommeln, Saiten zupfen oder Sand rieseln lassen. Aber wie machen wir selbst ein Instrument daraus? Der Musikbastler gibt Anregungen und baut zusammen mit den Kindern z.B. Instrumente eines Orchesters nach. So l\u00e4sst sich auf spielerische Weise vermitteln, warum eine Geige anders klingt als ein Fl\u00f6te, eine Trommel funktioniert oder warum ein Instrument anders klingt wenn man es aus Metall oder aus Holz baut.<\/p>\n\n\n\n<h2 class=\"wp-block-heading\">Grundlagen schaffen<\/h2>\n\n\n\n<p style=\"background-color:#e8e5dc\" class=\"has-background has-drop-cap\">Zu jedem guten Musikunterricht geh\u00f6rt auch ein bisschen Theorievermittlung. Schon die kleinsten Sch\u00fcler k\u00f6nnen in recht kurzer Zeit das Notensystem verstehen und darauf sp\u00e4ter aufbauen. Diese F\u00e4higkeiten lassen sich in diesem Alter am besten vermitteln. Sp\u00e4ter k\u00f6nnen die Kinder im weiterf\u00fchrenden Musikunterricht darauf aufbauen und sind damit immer einen Schritt voraus.<\/p>\n\n\n\n<p>Der Musikbastler arbeitet seit vielen Jahren mit Kindern im Vorschulalter und hat eine Ausbildung als Diplom Musiker, zudem ein Hochschulzertifikat f\u00fcr die Arbeit mit ganz jungen Leuten. Im Laufe der Zeit hat er ein eigenes Konzept erarbeitet das die Kinder im Zeitraum von drei Jahren fit macht f\u00fcr die weitere musikalische Laufbahn.<\/p>\n\n\n\n<h2 class=\"wp-block-heading\">Und warum \u201eMusikbastler\u201c?<\/h2>\n\n\n\n<figure class=\"wp-block-embed-youtube wp-block-embed is-type-video is-provider-youtube wp-embed-aspect-16-9 wp-has-aspect-ratio\"><div class=\"wp-block-embed__wrapper\">\n<iframe title=\"Gummiharfe oder Gummibass\" width=\"500\" height=\"281\" src=\"https:\/\/www.youtube.com\/embed\/rBP2VKWp3Yo?start=122&#038;feature=oembed\" frameborder=\"0\" allow=\"accelerometer; autoplay; clipboard-write; encrypted-media; gyroscope; picture-in-picture; web-share\" referrerpolicy=\"strict-origin-when-cross-origin\" allowfullscreen><\/iframe>\n<\/div><figcaption>Gutes Beispiel sein.<\/figcaption><\/figure>\n\n\n\n<p>Als Musiker ist man nie fertig, immer wieder muss man an sich arbeiten um noch ein bisschen besser zu werden, ganz genauso ist es mit dem basteln. Eigentlich ist man ein Handwerker der immer neue L\u00f6sungen finden muss. Mit jedem Versuch werden wir besser und versuchen etwas Neues. Das Prinzip des Ausprobierens und Selbsterfahrens was passiert ist ein ganz wichtiger Schritt f\u00fcr Kinder. Nur so lernt man selbst\u00e4ndig weiter und versteht Zusammenh\u00e4nge. Wer sich ausprobiert macht Erfahrungen, erlebt hin und wieder auch mal, das etwas nicht funktioniert, doch gerade diese Versuche machen den Meister.<\/p>\n\n\n\n<h2 class=\"wp-block-heading\">Und welche Rolle spielen die Eltern?<\/h2>\n\n\n\n<p style=\"background-color:#e8e5dc\" class=\"has-background has-drop-cap\">Eltern haben einen wichtigen Stellenwert in meinem Unterricht. Mit Informationsbl\u00e4ttern halte ich die Eltern auf dem Laufenden, gebe Tipps wie das Gelernte im Alltag ausprobiert werden kann und welche Themen gerade dran sind. Liedvorschl\u00e4ge oder Tipps f\u00fcr geeignete Musik-CDs geh\u00f6ren auch dazu. So sind die Eltern immer im Bilde und ich freue mich \u00fcber das direkte Feedback.<\/p>\n\n\n\n<p>Seit vielen Jahren unterrichte ich an Kitas und Musikschulen das Fach musikalische Fr\u00fcherziehung. Als leidenschaftlicher Musiker macht es mir gro\u00dfe Freude, Kinder an das Thema Musik heranzuf\u00fchren. In meinem Unterricht wird nicht einfach streng gelernt was der Lehrer sagt. Wir experimentieren mit T\u00f6nen und Kl\u00e4ngen, basteln mit Spa\u00df Instrumente. Machen eine Entdeckungsreise durch die Welt der Oper, erfinden unsere eigene Musik und f\u00fchren diese als Konzert auf. Jedes Kind hat musikalisches Potential, mir liegt daran, dieses zu f\u00f6rdern und Kinder zu begeistern.<\/p>\n\n\n\n<h2 class=\"wp-block-heading\">Musik selber machen, nicht blo\u00df berieseln lassen.<\/h2>\n\n\n\n<p>Wenn wir uns einmal die Woche zur Musikstunde treffen, singen wir, spielen Instrumente zusammen, machen Tanz- und Bewegungsspiele. Jedes Kind hat seine individuellen St\u00e4rken die es in die Musikstunde einbringt. So k\u00f6nnen wir Orchester oder Chor sein, T\u00e4nzer oder Schauspieler. Finden wir heraus wo die St\u00e4rken Ihres Kindes liegen.<\/p>\n\n\n\n<figure class=\"wp-block-image size-large is-resized\"><img fetchpriority=\"high\" decoding=\"async\" src=\"https:\/\/musikbastler.de\/wp-content\/uploads\/2020\/06\/RichardNordemalmPortrait-e1593170470644.jpg\" alt=\"\" class=\"wp-image-31\" width=\"217\" height=\"244\" srcset=\"https:\/\/musikbastler.de\/wp-content\/uploads\/2020\/06\/RichardNordemalmPortrait-e1593170470644.jpg 761w, https:\/\/musikbastler.de\/wp-content\/uploads\/2020\/06\/RichardNordemalmPortrait-e1593170470644-267x300.jpg 267w\" sizes=\"(max-width: 217px) 100vw, 217px\" \/><figcaption>Richard Nordemalm<\/figcaption><\/figure>\n","protected":false},"excerpt":{"rendered":"<p>Als Sohn eines Geigenbauers stand ich schon als Kind in der Werkstatt meines Vaters und baute meine eigenen Instrumente, mit sieben Jahren fing ich an Cello zu spielen. Ab da lie\u00df ich meiner Phantasie freien Lauf und komponierte meine ersten kleinen Musikst\u00fccke. Als S\u00e4nger fing ich bereits fr\u00fch an auf der B\u00fchne zu stehen und [&hellip;]<\/p>\n","protected":false},"author":1,"featured_media":0,"parent":0,"menu_order":0,"comment_status":"closed","ping_status":"closed","template":"","meta":{"site-sidebar-layout":"default","site-content-layout":"default","ast-site-content-layout":"default","site-content-style":"default","site-sidebar-style":"default","ast-global-header-display":"","ast-banner-title-visibility":"","ast-main-header-display":"","ast-hfb-above-header-display":"","ast-hfb-below-header-display":"","ast-hfb-mobile-header-display":"","site-post-title":"","ast-breadcrumbs-content":"","ast-featured-img":"","footer-sml-layout":"","ast-disable-related-posts":"","theme-transparent-header-meta":"default","adv-header-id-meta":"","stick-header-meta":"","header-above-stick-meta":"","header-main-stick-meta":"","header-below-stick-meta":"","astra-migrate-meta-layouts":"default","ast-page-background-enabled":"default","ast-page-background-meta":{"desktop":{"background-color":"","background-image":"","background-repeat":"repeat","background-position":"center center","background-size":"auto","background-attachment":"scroll","background-type":"","background-media":"","overlay-type":"","overlay-color":"","overlay-opacity":"","overlay-gradient":""},"tablet":{"background-color":"","background-image":"","background-repeat":"repeat","background-position":"center center","background-size":"auto","background-attachment":"scroll","background-type":"","background-media":"","overlay-type":"","overlay-color":"","overlay-opacity":"","overlay-gradient":""},"mobile":{"background-color":"","background-image":"","background-repeat":"repeat","background-position":"center center","background-size":"auto","background-attachment":"scroll","background-type":"","background-media":"","overlay-type":"","overlay-color":"","overlay-opacity":"","overlay-gradient":""}},"ast-content-background-meta":{"desktop":{"background-color":"var(--ast-global-color-5)","background-image":"","background-repeat":"repeat","background-position":"center center","background-size":"auto","background-attachment":"scroll","background-type":"","background-media":"","overlay-type":"","overlay-color":"","overlay-opacity":"","overlay-gradient":""},"tablet":{"background-color":"var(--ast-global-color-5)","background-image":"","background-repeat":"repeat","background-position":"center center","background-size":"auto","background-attachment":"scroll","background-type":"","background-media":"","overlay-type":"","overlay-color":"","overlay-opacity":"","overlay-gradient":""},"mobile":{"background-color":"var(--ast-global-color-5)","background-image":"","background-repeat":"repeat","background-position":"center center","background-size":"auto","background-attachment":"scroll","background-type":"","background-media":"","overlay-type":"","overlay-color":"","overlay-opacity":"","overlay-gradient":""}},"footnotes":""},"class_list":["post-33","page","type-page","status-publish","hentry"],"_links":{"self":[{"href":"https:\/\/musikbastler.de\/index.php\/wp-json\/wp\/v2\/pages\/33","targetHints":{"allow":["GET"]}}],"collection":[{"href":"https:\/\/musikbastler.de\/index.php\/wp-json\/wp\/v2\/pages"}],"about":[{"href":"https:\/\/musikbastler.de\/index.php\/wp-json\/wp\/v2\/types\/page"}],"author":[{"embeddable":true,"href":"https:\/\/musikbastler.de\/index.php\/wp-json\/wp\/v2\/users\/1"}],"replies":[{"embeddable":true,"href":"https:\/\/musikbastler.de\/index.php\/wp-json\/wp\/v2\/comments?post=33"}],"version-history":[{"count":0,"href":"https:\/\/musikbastler.de\/index.php\/wp-json\/wp\/v2\/pages\/33\/revisions"}],"wp:attachment":[{"href":"https:\/\/musikbastler.de\/index.php\/wp-json\/wp\/v2\/media?parent=33"}],"curies":[{"name":"wp","href":"https:\/\/api.w.org\/{rel}","templated":true}]}}